-3. Let l(o) = -o**3 - 3*o**2 - 2*o + 4. Is l(m) a multiple of 12?
False
Suppose 15 = c + 3*p, 0*c + p = 2*c - 2. Suppose -a + u - 7 = -2*u, 0 = 5*a - c*u + 35. Let l = 13 + a. Is 6 a factor of l?
True
Suppose -5*t + 20 = 0, 0 = -4*u - 0*t - 4*t + 536. Is u a multiple of 26?
True
Let k = 18 + -11. Suppose l - 4*p - 67 = 0, -4*l + k*l = 4*p + 161. Does 16 divide l?
False
Let z = 51 - 33. Does 6 divide z?
True
Let a(x) = 2*x**3 - x**2 - 2*x - 1. Let i be a(-1). Let d be (5 + i)*(-10 + -2). Let k = -3 - d. Is k a multiple of 17?
False
Suppose -4*k + d - 13 = 0, 4*d - d = 2*k - 1. Is k*((-42)/(-4))/(-7) even?
True
Let y be ((-1)/3)/(3/(-18)). Let q be 20/3 + y/(-3). Let z = 7 + q. Is 13 a factor of z?
True
Let n = 2 + 0. Let x = 59 + -24. Suppose 3*f + 60 = n*z + z, -5*f = 4*z - x. Is z a multiple of 15?
True
Suppose 0 = b - 5*m - 31, 4*b + 0*m + 3*m - 32 = 0. Let f = 46 - b. Let v = 69 - f. Is v a multiple of 11?
False
Suppose u = -3*w - 9, 5*w + 3 = -2*u - 11. Is u a multiple of 3?
True
Let x(i) = i**3 + i**2 - i - 18. Let p = 2 - 2. Let a be x(p). Does 7 divide -3*4/a*21?
True
Is 5 a factor of 29/((-2)/(2*-3))?
False
Let i be 2*(-4)/((-8)/(-9)). Let h be 3512/i - 2/(-9). Is 4/10 + h/(-25) a multiple of 16?
True
Suppose 4*s - 110 = -s. Does 18 divide (1 + s)*(-7)/(-7)?
False
Let f(b) = 8. Let s(a) = -a - 9. Let r(o) = -4*f(o) - 5*s(o). Is 24 a factor of r(4)?
False
Suppose 154 = 4*m - 0*n - 2*n, 25 = -5*n. Does 4 divide m?
True
Let p(f) = 9*f - 15. Let d(i) = -5*i + 8. Let n(h) = 5*d(h) + 3*p(h). Let c be n(5). Suppose -c*x + 53 = -37. Does 18 divide x?
True
Suppose -3*s + s + 20 = 2*d, s - 5 = 4*d. Let p = -17 + s. Let i = 8 - p. Does 16 divide i?
True
Suppose 0*s = 5*s - 345. Is 23 a factor of s?
True
Let g(l) = -3*l - 5. Let c(m) = -21*m - 36. Let a(p) = 2*c(p) - 15*g(p). Is a(12) a multiple of 13?
True
Suppose 2*z + 0 = 16. Let b = z + 12. Is 10 a factor of b?
True
Let m(t) = t**2 - 6*t + 5. Let j be m(5). Suppose -3*p = y + 3, 5*p + 13 = -3*y - j*p. Let i(s) = s + 14. Is 4 a factor of i(y)?
True
Let o(r) be the first derivative of 2*r**3/3 - 4*r**2 + 3*r - 1. Is 23 a factor of o(7)?
False
Let u(d) be the first derivative of d**4/4 + 4*d**3/3 - d - 2. Is 8 a factor of u(-3)?
True
Let o = -60 - -195. Does 9 divide o?
True
Suppose 3*f + 4 - 13 = 0. Suppose 0 = -2*r - f*r + 300. Suppose 3*a - 3*q = -4*q + r, -2*a - 2*q + 40 = 0. Is a a multiple of 10?
True
Let p be (-10)/5 - -1*16. Suppose 0*y + y - p = 0. Suppose -4*k + y = -2*k. Does 7 divide k?
True
Let h(t) = -t**3 + 11*t**2 - 6*t + 13. Is 10 a factor of h(10)?
False
Suppose 0 = 5*a + 5, a + 586 = 3*u + 2*u. Suppose 0 = 2*h - u - 7. Does 16 divide h?
False
Let w be -3*(130/6 - 2). Suppose 0 = -3*x - 4*l + 131 + 179, 2*l = -2*x + 210. Let i = w + x. Is i a multiple of 17?
True
Let q = -11 + 105. Suppose 3*u + 9 = 3*w, 5*w = u - 0*u + 19. Is q/6 - u/(-3) a multiple of 16?
True
Suppose -12 = -4*o - 0. Suppose o*k - 45 = -k - 5*n, -5*k + 5*n + 90 = 0. Does 4 divide k?
False
Suppose 2*m = 6*m - 32. Is 24 a factor of 36 + (-4)/(m/6)?
False
Let q = -3 + 5. Does 13 divide (-2 + -5)/(q/(-14))?
False
Let v(t) = t**2 - 5*t - 3. Let r(g) = -1. Let z(h) = h + 1. Let n(a) = 10*r(a) - 2*z(a). Let s be n(-9). Is 3 a factor of v(s)?
True
Suppose -k = -2*k + 60. Let f = -8 + k. Suppose -82 = -2*l - 3*v, f = 3*l - v - 49. Is l a multiple of 17?
False
Suppose 0 = t, 72 = -3*s - s - 5*t. Let x = 0 - s. Does 15 divide x?
False
Suppose -g + 3 = 1. Suppose 0 = -g*k + 5 - 3, 0 = -5*u + 3*k - 3. Suppose -2*j = a - 77, 0 = 2*j - u*a - a - 71. Is j a multiple of 15?
False
Let b(k) = -k**2 - 9*k + 8. Let u be b(-9). Let v be 8/(-32) - (-258)/u. Suppose l - v = -l. Does 16 divide l?
True
Let w be 2/7 + (-620)/14. Let u = w + 83. Suppose 5*s - g = -0*g + u, 5*g = -20. Is s a multiple of 7?
True
Suppose -2*i + 10 = 0, 4*f - 5 = -4*i + 55. Is (-51)/(-15) + 6/f a multiple of 4?
True
Suppose -2*k + 10 + 4 = 0. Let w(n) = -n**3 + 8*n**2 - 6*n + 6. Is w(k) a multiple of 7?
False
Let j = 13 + 92. Does 20 divide j?
False
Does 24 divide ((-84)/14)/(1/(-4))?
True
Suppose 0 = 2*z - 5 + 3. Let u be z*-10*3/(-6). Suppose 2*b - 4*b = -3*m + 61, 0 = u*m + 2*b - 107. Is m a multiple of 14?
False
Suppose 0 = v - 92 + 30. Does 26 divide v?
False
Let y be (33/(-2))/((-9)/12). Suppose 0 = -4*o - 12, 0 = -z + o + 3*o + y. Is z a multiple of 5?
True
Suppose y - 33 = -2*y. Suppose 4*s - 5 = y. Suppose -s*r = -z - 140, -4*z - 47 + 133 = 3*r. Is 20 a factor of r?
False
Let v be -1 - (-2 + 2 - 2). Let u be ((-6)/(-15))/(v/5). Is u/(-4) + (-23)/(-2) a multiple of 4?
False
Let k(t) = 8*t**2. Let s be k(-1). Let q(n) = 5*n - 15. Is q(s) a multiple of 12?
False
Suppose -2*u + 4*u - 5*i - 20 = 0, 2*i = 2*u - 8. Suppose -2*k + 4*n + 12 = u, -2*k - n + 33 = 2*n. Is k a multiple of 12?
True
Suppose -3*f + 8 = -7. Is 5 a factor of f?
True
Let i = 356 + -195. Does 38 divide i?
False
Suppose -7 = -3*i + 2. Suppose i*n + 42 = b, -b + 5*n + 23 = -29. Let o = 1 + b. Does 11 divide o?
False
Let k(y) = 4*y**2 - y**3 + 3*y + 2*y - y. Let f be k(5). Let g = f + 18. Is g a multiple of 13?
True
Let k = 106 + -47. Is 12 a factor of k?
False
Suppose 13*a = 18*a - 240. Is a a multiple of 8?
True
Let i(q) = -3*q + 2. Let z be i(4). Let g be z/5 - -7*1. Suppose 0 = 3*u + g*h - 88, 5*h + 56 = 3*u - 2*u. Is u a multiple of 18?
True
Let q be (12/24)/(1/6). Suppose -x - q*x - 4 = 0, 4*x = 4*k - 132. Is 32 a factor of k?
True
Does 13 divide ((-36)/45)/((-2)/65)?
True
Let i(r) = 47*r - 5. Does 42 divide i(3)?
False
Suppose 4*i - 254 = 2*p, 316 - 11 = 5*i - 5*p. Is i a multiple of 10?
False
Suppose 7*p - 2*p = 2*w + 17, w = -5*p + 29. Let g(v) = 4*v - 6. Is 12 a factor of g(p)?
False
Let g = -5 - -8. Suppose -5*z - 1132 = g*c, -2*z - 3*z - 1100 = -5*c. Does 10 divide (-3)/(-2)*z/(-24)?
False
Suppose -8 = -3*g - 2. Let o(w) = g*w - 1 + w - 7*w + 0. Is 5 a factor of o(-4)?
True
Let q be 3320/(-45) - 4/18. Let f = q + 20. Let c = f - -102. Is 22 a factor of c?
False
Let y = 3 - 1. Let o be 1/y + (-2)/4. Suppose o*c - 30 = -2*c - z, 0 = 3*c + 4*z - 55. Is 9 a factor of c?
False
Let f = -6 - -5. Let s be 6*(2/(-4) - f). Does 12 divide 36/2*2/s?
True
Suppose n = -5*z + 41, -4*n + 7 = z - 5*n. Suppose z = y - 6. Let m = -8 + y. Does 6 divide m?
True
Is 3/12 + (-622)/(-8) a multiple of 16?
False
Is 5 a factor of (-21)/5*((-120)/(-4))/(-6)?
False
Let d(r) = 7*r**2 - 4*r - 4. Does 16 divide d(-2)?
True
Suppose -w + 31 = -62. Is w a multiple of 36?
False
Suppose 160 = 5*v - 20. Does 13 divide v?
False
Let m(h) = -h**3 - 10*h**2 - 29*h - 3. Does 3 divide m(-6)?
True
Let c = 31 + -29. Suppose 0 = 2*p - p - 10. Does 3 divide c*1*p/4?
False
Is (2/2 + 2)*5 a multiple of 15?
True
Let m(z) = 2*z**2 - z + 4 + 2*z + z - 6*z. Is m(3) a multiple of 5?
True
Let k(i) = 6*i**2 - 5*i + i**3 + 6*i - 2*i**3 - 6 + 6*i. Does 22 divide k(4)?
False
Let v(f) = f + 6. Let h be v(-6). Let j be 44 + 0 - (0 + h). Suppose i - j = -i. Does 12 divide i?
False
Let l(g) = -g**2 + 20*g + 12. Is l(10) a multiple of 4?
True
Let o = 49 - 31. Is 9 a factor of o?
True
Let p(d) = -31*d + 13. Is p(-4) a multiple of 32?
False
Let y = 6 - 7. Does 15 divide ((-2)/(-2))/y + 42?
False
Suppose -109 = -4*o + 3*x, 5*x - 144 = -4*o + x. Is o a multiple of 7?
False
Let a(j) = -j**2 + 5*j + 1. Let g be -1*4/(-2) + 2. Let b be a(g). Suppose -5*c + 17 = v - c, 4*v = -b*c + 46. Is v a multiple of 8?
False
Suppose -2*a - 3*a = -25. Suppose 6*b = b. Suppose b*y - a*y = 3*d - 43, -2*d = -5*y + 38. Does 3 divide y?
False
Suppose -60 + 8 = -2*w. Let g = -16 - -9. Let a = w + g. Does 14 divide a?
False
Let h(o) = -o**3 + 3*o**2 - 2*o - 1. Let w be h(3). Let x = -13 + w. Let s = x - -32. Is 6 a factor of s?
True
Suppose -2*i - j = -i - 2, 0 = -4*i - 3*j + 11. Suppose i*v - 22 = 3*v. Is 8 a factor of v?
False
Let l = 15 - 10. Suppose g - l*g = 16, -4*g + 136 = 4*q. Does 11 divide q?
False
Does 30 divide -40*3*(-3)/6?
True
Let r = 142 + -82. Is r a multiple of 4?
True
Let y(n) = 8*n**2 - 23*n + 24. Let s(b) = 3*b**2 - 8*b + 8. Let q(i) = -11*s(i) + 4*y(i). Let l be q(-6). Is 425/10 + 2/l a multiple of 16?
False
Suppose 0 = -2*m + 42 - 12. Let y = m + -8. Let n = y - 1. Does 3 divide n?
True
Let m(s) = -3*s**3 + 4*s**2 + 2*s - 1. Does 10 divide 